hest common factor of 385 and w.
55
Suppose -m - 2*q - 3*q + 57 = 0, 117 = 3*m - 3*q. Calculate the greatest common factor of m and 147.
21
Let i = 71 - 1. Let b(t) = t**3 - 14*t**2 + 52*t - 12. Let q be b(8). Calculate the highest common factor of i and q.
10
Let l(p) = 7*p + 142. Let o be l(-16). Calculate the highest common factor of 5 and o.
5
Let c be (5/(-3))/((-17)/663). Suppose c = -8*s + 13*s. Let h(y) = 3*y - 25. Let d be h(s). Calculate the highest common divisor of d and 112.
14
Let c = -1 + 17. Let g = c + 56. Calculate the highest common divisor of g and 9.
9
Let w = 13 + -28. Let n = w + 22. Calculate the highest common divisor of n and 63.
7
Let p = 1158 + -683. Suppose 5*m = 45 + p. What is the highest common factor of 26 and m?
26
Let b(p) = 30*p + 1. Let d be b(11). Let l = -216 + d. Let z be (-18)/24 - 190/(-8). Calculate the highest common divisor of l and z.
23
Let y be 592 - (-2 - -14)/4. Suppose -568 = -4*l - 4*s, 4*l - 3*s = -0*l + y. What is the greatest common factor of 29 and l?
29
Let f(u) = 14*u**2 - 22*u - 112. Let i be f(-11). What is the highest common divisor of 38 and i?
38
Let x = 1024 - 892. What is the highest common divisor of 12 and x?
12
Suppose -w - 4*w + 5 = 0. Let i be 18 - (0/(-4))/w. Suppose -379 = -3*m + 215. Calculate the highest common divisor of i and m.
18
Let r = 37 + -27. Let k(t) = t**3 - 11*t**2 + 15*t - 2. Let y be k(r). What is the greatest common factor of y and 12?
12
Let z(p) = p**2 - 5*p - 740. Let w be z(-25). Let c(o) = -24*o + 17*o + 1 - 102*o. Let k be c(-1). What is the greatest common divisor of k and w?
10
Let q(c) = 2*c**2 - 14*c - 9. Let p(s) = 14*s - 75. Let b be p(6). Let i be q(b). Calculate the highest common factor of i and 54.
27
Let a be ((-130)/12)/13*-6. Suppose -a*l + 3*l = 5*y + 3, 5*l - 4*y = 75. What is the highest common factor of 55 and l?
11
Let g be -1 + 64 - (-10 - -14). Let r = g - 24. Suppose 6*n - 25 = r. What is the highest common divisor of n and 110?
10
Let y = -293 + 548. Let z be ((-21)/15 + 1)*-30. Suppose -7*n = -z*n + y. Calculate the greatest common divisor of 17 and n.
17
Let t be (10/(-3))/(-4 + (-40)/(-12)). Suppose 158 = -0*b + 3*b + 2*k, 3*k = t*b - 238. Calculate the highest common factor of 10 and b.
10
Suppose -4*q + 64 = 4*h + 16, -5*h + 3*q + 28 = 0. Let t be (h/(-10))/(-2 + (-58)/(-30)). Calculate the highest common factor of t and 4.
4
Let k be (-4)/6 + 11/3. Let r = 9 - k. Let g = 31 + 11. What is the highest common factor of g and r?
6
Let i be (5 + 0 + -3 - 3)/1. Let o be 3 - (i - 0)/((-6)/(-6)). Calculate the highest common factor of o and 2.
2
Let a(n) = 16*n + 170. Let g be a(-9). Calculate the greatest common factor of g and 728.
26
Suppose -23*h + 99 = -22*h. Suppose 0 = -5*r + o + 48, 2*o + 3 = -r - 2*o. What is the greatest common divisor of h and r?
9
Suppose 17*i + c + 13 = 18*i, -60 = -5*i + 4*c. What is the highest common divisor of i and 20?
4
Let l = 950 - 932. What is the greatest common factor of l and 186?
6
Suppose -940 + 5020 = 5*d. Let m = 1168 - d. Suppose 5*j - 62 = b + 99, -7*b - 7 = 0. What is the highest common divisor of m and j?
32
Let n be 136/(-6 + 14) - -2. Let s = 328 - 195. What is the greatest common divisor of s and n?
19
Let c = -167 + 164. Let d(g) be the second derivative of 7*g**4/12 - g**3/6 - 5*g**2 + 2*g. Let n be d(c). Calculate the highest common divisor of n and 14.
14
Let m(l) = 160*l - 991. Let n be m(8). Calculate the highest common factor of 68 and n.
17
Let t(j) = -15*j - 81. Let f be t(-9). What is the greatest common factor of 12 and f?
6
Suppose 4*m = 3*w - 420 - 58, w - 3*m - 156 = 0. Let f = w + -85. Suppose 4*j = 2*j + 14. What is the highest common factor of j and f?
7
Suppose 1294*r - 1291*r = 33. What is the highest common factor of 429 and r?
11
Let r(a) = a**2 - 21*a + 41. Let v be r(19). Suppose 108 = v*q - 9. Calculate the highest common factor of q and 273.
39
Suppose s = 2, n - 4*n + 392 = -2*s. Calculate the greatest common factor of n and 12.
12
Suppose -4*g = -4*h + 40, -4*h + 0*g + 3*g = -44. Let o = h - 3. Suppose -2*n = 5 - o. What is the highest common divisor of n and 33?
3
Let h(q) = -2*q - 1. Let c(l) = -l**2 + l + 2. Let f be c(0). Suppose -f*r - 3*r = 30. Let z be h(r). Calculate the greatest common factor of z and 99.
11
Suppose -1702 = -74*p + 4070. Calculate the highest common factor of p and 54.
6
Suppose -27*h + 599 = 5*d - 29*h, 4*h - 617 = -5*d. Calculate the highest common factor of d and 11.
11
Let h = -51 + 43. Let l be (h - -8) + 163 + (-1 - 1). Calculate the highest common divisor of 23 and l.
23
Suppose -w - 1 = t, 4*w - 5 = 5*w. Let z = t + -1. Let p be (-1)/(-1) - (0 + -1). Calculate the highest common divisor of p and z.
1
Let l be 3*-9*(6 + -7). What is the highest common divisor of 351 and l?
27
Let s(g) = -g**3 - 22*g**2 - 24*g - 37. Let z be s(-21). Calculate the highest common factor of 494 and z.
26
Suppose 12*i - 252 = 8*i. Let c = i - 31. What is the greatest common divisor of c and 80?
16
Let k be (2/(-4))/(4/(-16)). Let q be 1 - (-6 - k)/2. What is the highest common divisor of 80 and q?
5
Suppose -10*z - 260 = -12*z - 4*a, -z + 136 = -4*a. What is the highest common divisor of z and 638?
22
Suppose 3*o + 2*w = 13 + 19, -10 = 2*w. Let f = 6 + o. What is the greatest common divisor of f and 8?
4
Suppose -2*k + 3*q + 0*q = -22, 3*k = q + 26. Let f be k/16 - (-1 - (-30)/(-4)). What is the greatest common factor of 45 and f?
9
Let l(j) = -7*j - 9. Let y(o) = o**2 + 16*o. Let v be y(-15). Let z be l(v). Suppose 0*m = -4*m + z. Calculate the highest common factor of m and 216.
24
Let v be 9*(-1)/((-2)/20). Let n(j) = -j**2 - 7*j - 41. Let r be n(-5). Let h = -21 - r. Calculate the greatest common factor of h and v.
10
Let y(r) = 2*r**3 + r + 2. Let b be y(2). Let f be -2 + 1 - -15 - (47 + -43). What is the highest common factor of f and b?
10
Let o(i) = -i**3 - 9*i**2 - 14*i + 33. Let x be o(-10). What is the highest common factor of 42 and x?
21
Let k = -20 - -11. Let n = -5 - k. Suppose z + 54 = 4*g + 3*z, 57 = 3*g - n*z. Calculate the greatest common divisor of g and 165.
15
Suppose -w = 46 - 123. Suppose -29*l + 117 = -202. Calculate the greatest common divisor of l and w.
11
Let b be 25/1 - 295/(-59). What is the highest common factor of 18 and b?
6
Let w = -61 + 64. Suppose -7 + 25 = w*p. Calculate the highest common divisor of p and 18.
6
Suppose -17*p = -36*p + 494. Calculate the highest common divisor of p and 78.
26
Suppose 4*i + 5591 + 3897 = 4*f, 7115 = 3*f - 4*i. Calculate the highest common divisor of 21 and f.
21
Suppose 2*s - 4 = 18. Suppose -5 = -2*m + s. Calculate the greatest common factor of 8 and m.
8
Let v = 953 + -936. What is the greatest common factor of 187 and v?
17
Suppose 3*r - 44 = 46. Let s = -503 - -773. Calculate the highest common divisor of r and s.
30
Suppose 0 = -3*o - 4*m + 11, 5*o - 1 - 2 = m. Let r(i) = 31*i**3 - 2*i**2 - i + 2. Let t be r(o). Calculate the greatest common factor of 45 and t.
15
Let k be (-4)/10 - (-27)/5. Suppose 2*d - 25 = -k. Calculate the highest common factor of d and 25.
5
Let c be 2/(-10) + (-1210)/(-50). Suppose -134*v = -135*v + 24. Calculate the greatest common factor of v and c.
24
Suppose -135*z = -128*z - 560. Calculate the highest common divisor of 90 and z.
10
Suppose 3*q - 4*x = -7*x - 207, 0 = 4*q - 3*x + 241. Let g = -50 - q. What is the greatest common factor of 28 and g?
14
Suppose 17*k - 25*k + 4680 = 0. Calculate the highest common divisor of k and 65.
65
Let q = 219 - 204. Calculate the greatest common factor of 25 and q.
5
Suppose -2*u - u = -48. Let x(r) = -5*r - 8. Let t be x(6). Let w be 1 - (2 + -3 + t). What is the highest common divisor of w and u?
8
Suppose 3*y = 4*k + 191, 1 = 2*k + 11. Let o = 4 - 0. Suppose -5*j - 25 = 0, 75 = -0*n + 5*n + o*j. What is the greatest common factor of y and n?
19
Suppose -4*v + 4*j = -104, -j + 5 = v - 13. Calculate the highest common divisor of 187 and v.
11
Let p(i) = -6*i - 16. Let z = -64 + 52. Let u be p(z). Calculate the greatest common factor of u and 28.
28
Suppose -552*w + 561*w = 288. Calculate the greatest common factor of w and 152.
8
Let z be 11/(44/(-48))*(-7)/2. Calculate the highest common factor 